4)/10. Suppose 6*y = y - 2*p + 65, -4*y + f*p + 29 = 0. Calculate the remainder when b is divided by y.
10
Let h = 12 + 37. What is the remainder when h is divided by 17?
15
Suppose -2*f - 8 = 4*a, 4*a - 3 = -5*f - 5. Let m be (f + 2)*(-2)/4. What is the remainder when 3*(-21)/9*m is divided by 8?
6
What is the remainder when 18/30*(-10)/(-6) is divided by 1?
0
Let n(d) = d**2 - d - 3. Suppose 4*k - 28 = -4*j + 3*j, 5*j = 2*k + 74. What is the remainder when j is divided by n(4)?
7
Let p(x) be the second derivative of 0 + 1/2*x**2 - 1/6*x**3 + 4*x. Calculate the remainder when 13 is divided by p(-4).
3
Suppose -4*l - c = -2*c - 45, 1 = -c. Suppose w + 8 = -3*w. Calculate the remainder when w/(2/(-34 + 2)) is divided by l.
10
Let y(x) = -x**3 - x**2 - x + 7. Let m be y(0). Suppose -m*r + 81 = -4*r. Calculate the remainder when r is divided by (8/20)/(3/105).
13
Suppose -2*d = -1 - 1. Suppose -4*n - 7 - d = -4*h, -2*h + 3*n = -4. What is the remainder when h is divided by 2?
0
Let w(l) = 4*l**2 - 3*l. Let v be w(-3). Let f(t) = t**3 - t**2 - 1. Let u be f(2). Suppose -u*z = -0*z - v. What is the remainder when 44 is divided by z?
14
Let i(q) = 3*q - 4. Let a be (-2)/4 + 57/6. Calculate the remainder when i(a) is divided by 12.
11
Let w(p) = -p**2 + 14. Suppose -5*o + 0*o + 265 = 0. What is the remainder when o is divided by w(0)?
11
Let m = 64 + -55. Calculate the remainder when 58 is divided by m.
4
Let m = -109 + 141. Let s(f) = f**3 - 4*f**2 - 2*f - 4. Calculate the remainder when m is divided by s(5).
10
Suppose 0 = 4*g + 517 - 205. Calculate the remainder when -1 - (-3)/((-9)/g) is divided by ((-6)/4)/(2/(-12)).
7
Suppose 0 = 3*s - t - 74, -7*t + 3*t - 114 = -5*s. What is the remainder when s is divided by (-6)/(-10) - 252/(-30)?
8
Suppose -3*o = -p - 0*p - 43, 5*p = -2*o + 40. Suppose o = 8*k - 7*k. Calculate the remainder when 28 is divided by k.
13
Suppose 2*v = 5*v - 69. What is the remainder when 89 is divided by v?
20
Let s(q) = 15*q**2 + q + q - q. Let g = 1 + 0. Calculate the remainder when 46 is divided by s(g).
14
What is the remainder when 2 is divided by 2/16 + (-35)/(-40)?
0
Suppose 4*m - m = 3*z - 771, -2*m - 3*z = 539. Let j be m/(-2) + (-2)/1. What is the remainder when (-2)/(3*(-2)/j) is divided by 15?
13
Suppose -4*f + 7*f = -69. Let x = -11 - f. What is the remainder when x is divided by 7?
5
Suppose 4*y + 0*y = 2*v + 28, 0 = -3*y + 3. Let g = v - -17. What is the remainder when (4/6)/((-22)/(-297)) is divided by g?
4
Suppose -3*p + 1 = 5*h, 5*p + 2*h + 0 - 8 = 0. Suppose 208 = 4*b + 2*a, -42 = -0*b - b + p*a. Calculate the remainder when b is divided by 13.
11
Suppose -6*q + 78 = -0*q. What is the remainder when q is divided by 4?
1
Let o = 13 + 7. Let w = -291 - -350. What is the remainder when w is divided by o?
19
Suppose -11*u + 6*u = -80. Calculate the remainder when u is divided by (-80)/(-14) + (-2)/(-7).
4
Let a be ((-2)/3)/(4/6). Let c be a/(-4) + (-1036)/(-16). Suppose 3*f + 2*v - 32 - c = 0, 16 = -4*v. What is the remainder when f is divided by 12?
11
Suppose -5*o + 3*y + 9 = -49, 3*y + 14 = o. Calculate the remainder when o is divided by 7.
4
Let y(h) = 0*h**2 - 9*h - 9 - 2*h**2 + 3*h**2. Let a be y(10). Let d = 9 - a. Calculate the remainder when 14 is divided by d.
6
Let f = 45 + -23. Suppose -2*l + f = -36. Let s = 42 - 27. Calculate the remainder when l is divided by s.
14
Let t = -7 + 12. Suppose 3*w - 22 = 4*y, -2*w + 3*y = -4*w - 8. Suppose -w = j + 3*z + t, 0 = 4*z + 12. What is the remainder when 5 is divided by j?
1
Let r(f) = f**2 - 11*f - 9. What is the remainder when 8 is divided by r(12)?
2
Let o(q) = q**2 + q. Let l(i) = 1. Let t(z) = -2*l(z) + 3*o(z). Let n be t(2). Let w = n - 11. What is the remainder when w is divided by 3?
2
Suppose 5*b + 0*b + 4*k = 40, 3*b - 5*k + 13 = 0. Suppose b*i - 3*n = 23, -4*n = -9*n - 25. What is the remainder when 3 is divided by i?
1
Let q(h) = h**3 - 9*h**2 + 1. Let g be (1/(-3))/(2/(-54)). Let b be q(g). Calculate the remainder when (-1*b)/(1/(-1)) is divided by 1.
0
Suppose -4*c + 174 = -2*f, -21 = f + 2*c + 58. Let y = -19 - f. What is the remainder when y is divided by 22?
20
Let n = 146 - 83. What is the remainder when n is divided by 13?
11
Suppose -5*m - 3*b = -100 - 155, 5*m - 275 = b. What is the remainder when m is divided by 28?
26
Suppose 7 = 3*k + 1. Suppose -k*w + 19 = -w. Calculate the remainder when w is divided by 11.
8
Let g = 6 - 2. Calculate the remainder when 14 is divided by g.
2
Suppose 3*r = 8 + 67. Calculate the remainder when 97 is divided by r.
22
Suppose -5*t + 2 = 3*z - 47, -3*t + 37 = -2*z. What is the remainder when 41 is divided by t?
8
Suppose 4*i = 2*i + 50. Suppose t + 0 = 4*y + 23, t - 15 = 2*y. What is the remainder when i is divided by t?
4
Suppose -3 + 13 = 2*p. Suppose 3*y + y - 5*u - 74 = 0, -p*y = 3*u - 111. Calculate the remainder when 61 is divided by y.
19
Let x = -104 + 146. Calculate the remainder when x is divided by 15.
12
Suppose 0 = -3*u + 3*x + 63, -5*u - 4*x = x - 75. What is the remainder when 68 is divided by u?
14
Let u(h) = h**3 + 6*h**2 + 4*h + 13. What is the remainder when 103 is divided by u(-5)?
13
Let f(g) be the first derivative of -g**3/3 - 3*g**2 + 4*g + 2. What is the remainder when 10 is divided by f(-6)?
2
Let w(c) be the third derivative of c**5/60 + c**4/24 - c**3/6 + c**2. Let t be w(1). Let b = 2 - t. What is the remainder when b is divided by 1?
0
Suppose -3 - 1 = -4*z. Suppose n = -z + 19. Suppose p - n = -p. Calculate the remainder when 24 is divided by p.
6
What is the remainder when 5 is divided by (3/(-9))/((-2)/12*1)?
1
Let n(y) = -8*y - 4. Let l(k) = -8*k - 3. Let c(t) = 5*l(t) - 4*n(t). What is the remainder when (78/2)/((-6)/(-4)) is divided by c(-1)?
8
Suppose 9 = 5*b - 16. Suppose 2*q - 4*h = b*q - 25, 0 = 4*h + 20. What is the remainder when q is divided by 8?
7
Suppose 5*n - 12 - 3 = 0. Let h = n - -9. Calculate the remainder when 33 is divided by h.
9
Let p(a) be the third derivative of a**5/60 - a**4/12 + a**3/3 - 6*a**2. What is the remainder when p(5) is divided by 6?
5
Suppose q + 3*l - 19 = 0, -8*q - l = -11*q + 97. What is the remainder when 88 is divided by q?
26
What is the remainder when (-4)/(-3)*(44 - 11) is divided by 23?
21
Let l = -11 + 32. What is the remainder when 79 is divided by l?
16
Suppose 3*f = 140 - 41. Calculate the remainder when f is divided by 12.
9
Suppose 0 = 3*p + p - 140. Suppose 15*s = 14*s + 9. What is the remainder when p is divided by s?
8
Let v = -18 - -99. Calculate the remainder when v is divided by 28.
25
Let w(s) = -s**3 - 12*s**2 - 13*s + 11. Calculate the remainder when w(-11) is divided by 17.
16
Suppose 3*m = c + 4*c + 46, 0 = -m + 2*c + 16. Suppose -4*l - 4 = 0, s - 7*l + 2*l - 28 = 0. What is the remainder when s is divided by m?
11
Let r(w) = -w + 12. Calculate the remainder when 20 is divided by r(5).
6
Let q(u) = -21*u + 2. Let h be q(-4). Suppose 5*t + 16 = h. Suppose 3*f = 2*y + 16, 3*f + 0*y - 5*y = 22. Calculate the remainder when t is divided by f.
2
Let y(l) = l**3 + 11*l**2 + 9*l - 4. Calculate the remainder when 22 is divided by y(-10).
4
Suppose -k + 88 = -8. What is the remainder when k is divided by 11?
8
Calculate the remainder when (-10)/4*(-22)/(-11)*-5 is divided by 9.
7
Let w = 20 + -1. Calculate the remainder when w is divided by 5.
4
Let z(q) be the third derivative of -q**4/24 - q**3/2 + q**2. Let b(p) = p**3 + 6*p**2 - 8*p - 4. What is the remainder when z(-7) is divided by b(-7)?
1
Let q = 16 + -12. Let b = 5 + 0. Suppose -2*c = b + 5, 5*c - 19 = -4*z. What is the remainder when z is divided by q?
3
Let r be 23/2 + 1/2. Calculate the remainder when r/9*(-3)/(-2) is divided by 1.
0
Let w = 5 - 13. Suppose -2*b = -m + 3*m - 14, 3*m - 25 = -2*b. Calculate the remainder when 4/w - 126/(-4) is divided by m.
9
Let n(b) = -2*b - 9. Let s be n(-8). Suppose 4*r - s = 9. Suppose -r*f - f = -65. Calculate the remainder when 50 is divided by f.
11
Let h(z) = 3*z**2 - 56*z - 2. Calculate the remainder when 84 is divided by h(19).
16
Suppose 5*c - 21 = -n, 19 = 4*n + 2*c - 29. Let x(a) be the first derivative of a**2 + 13*a + 2. Calculate the remainder when x(n) is divided by 12.
11
Let v = -38 + 49. What is the 